a**3 + 25*a**2 - 25*a + 23. Let b be c(24). Let d(g) = -9*g**3 + 3*g**2 + 5*g + 3. Let k be d(b). What is the highest common divisor of k and 50?
10
Let w be -1*((-2)/(-4))/(22/(-3960)). What is the highest common divisor of 72 and w?
18
Let x(i) = -5 + 3*i - 10*i - 4 - 9. Let k be x(-4). Calculate the highest common divisor of k and 50.
10
Let q(g) = -2*g**2 - 26*g + 65. Let r be q(-14). What is the greatest common divisor of 444 and r?
37
Let i(g) = 5*g + 89. Let p be i(-11). Suppose -5*m - a = -0*m - 85, 2*a - 51 = -3*m. Calculate the greatest common divisor of p and m.
17
Suppose 32*y + 7*y = 1170. Calculate the highest common divisor of y and 80.
10
Let z(h) be the second derivative of h**4/12 - h**3/2 - h**2 - 3*h. Let f be z(4). Suppose -2*b + f + 0 = 0. Calculate the highest common divisor of 8 and b.
1
Let i = -70 + 76. Suppose 3*h = -d + 42, d + 2*h - 21 = i*h. Calculate the highest common factor of 44 and d.
11
Let y = -258 - -436. Suppose 0 = 2*p - 5*r - y, 4*r = 4*p - 47 - 297. Calculate the highest common factor of p and 12.
12
Let s(n) = -n**2 - n + 12. Let o(u) = u - 1. Let q(z) = -4*o(z) + s(z). Let g be q(-9). Let r be -1*16*g/8. Calculate the greatest common factor of 5 and r.
5
Let c(d) = 7*d + 6. Let v be 0*(0 - -1 - 2). Suppose v = -f - 4 + 6. Let l be c(f). What is the highest common divisor of l and 40?
20
Let g = 36 - -89. Suppose 0 = 8*z - 68 - 132. Calculate the greatest common factor of g and z.
25
Let w be -2 - (-2 + -57 - 0). Let s = -32 + -5. Let n = w + s. Calculate the highest common factor of n and 5.
5
Let p(c) = -6*c - 6. Suppose 0 = -9*l + 4*l + 15. Let o be p(l). Let m be o/32*(-10 - -2). What is the greatest common divisor of 3 and m?
3
Let q(i) = -i**3 - i**2 - 29*i - 8. Let h be q(-9). What is the greatest common factor of h and 17?
17
Suppose 0 = 7*s - 931 - 70. Calculate the greatest common divisor of s and 11.
11
Suppose -8 = 4*a, 0*j = 4*j - 3*a - 174. Let o be 20*(-14)/(-35) - 3. Suppose 2*f - o*f + j = 0. What is the highest common factor of 14 and f?
14
Suppose 0 = 35*r - 448 - 42. Calculate the highest common factor of r and 40.
2
Suppose 4*w - 300 = -q, 5*q - 3*w = -2*w + 1458. Calculate the highest common divisor of 73 and q.
73
Let n(q) = 464*q. Let f be n(-3). Let l be 4/10 - f/20. Suppose -2*o + 43 = -13. What is the highest common factor of l and o?
14
Suppose -4*b = -2*z - 10, 3*z + 5 = -b + 4. Let v be (-4*b)/(2/(-16)). Suppose 0 = 3*q - 0*q - 24. Calculate the greatest common divisor of q and v.
8
Let h be (-1 + 32/56)*-21. Calculate the highest common factor of h and 18.
9
Let b be (128/5 - -2) + (-8)/(-20). Suppose -27*s = -b*s + 7. What is the highest common factor of s and 7?
7
Suppose -4*x + 3*o + 348 + 433 = 0, 2 = 2*o. What is the greatest common divisor of 140 and x?
28
Let m be (-12 - -10) + 6/(-9)*-12. Let o = -119 + 193. Let h = o - 20. What is the greatest common divisor of h and m?
6
Let g(v) = -v**3 - v**2 + 5*v + 1. Let s be g(0). Let u(w) = w**3 - 3*w**2 + 1. Let b be u(3). What is the greatest common factor of b and s?
1
Let d be 6/(-5)*(-3)/((-27)/(-330)). Suppose s + 1407 = 5*s + v, s + v - 351 = 0. Calculate the greatest common divisor of s and d.
44
Let o = 5 + -6. Let b be o/(-2) - (-42)/4. Calculate the greatest common factor of 1 and b.
1
Let u = 3101 + -774. Calculate the highest common divisor of 13 and u.
13
Let k be -1*5*(-297)/15. Let t = 73 - 64. What is the greatest common factor of k and t?
9
Suppose -4*q = -3*q. Suppose q*r + 4*j + 110 = 2*r, 4*j - 70 = -2*r. Calculate the highest common factor of 9 and r.
9
Let t(g) = 7*g**2 - g - 6. Let b be t(6). Calculate the greatest common factor of b and 40.
40
Suppose 20 = -5*w, -3*m + w = -0*m + 122. Suppose -2*n - u = -10, -2 = 3*n - 2*u - 3. Let v be (-77)/m*n*2. Calculate the highest common factor of v and 110.
11
Let x be 62/12 - (-8 + 516/72). What is the highest common factor of x and 186?
6
Let a = 128 + -86. Let s = 3 - 3. Suppose -2*c + 210 = -s*c. Calculate the greatest common factor of a and c.
21
Suppose 0 = p - 163 - 47. What is the greatest common factor of p and 42?
42
Let k(f) = -f**2 + 18*f - 5. Let c be k(19). Let r = c - -34. What is the greatest common factor of r and 110?
10
Let x = 24 + -20. Let h(a) = 7*a**2 - 6*a + 2. Let n be h(x). Let q be (-1 - 3 - -4) + n. What is the highest common divisor of 36 and q?
18
Suppose -12 = -3*n - 0. Suppose -23 - 49 = 2*a. Let r = a + 44. Calculate the highest common divisor of n and r.
4
Let u be (-16)/(-2)*(-4)/(-8). Let t be u + (2 + -6 - -26). Suppose 4*i = 0, 0*f + i = 2*f - t. Calculate the greatest common divisor of 26 and f.
13
Let l be 2*(-3)/6*-5. Suppose 33 = 5*a - 2*a + 5*j, 36 = l*a + 2*j. Calculate the greatest common factor of 12 and a.
6
Let o = -49 + 62. Let w = 35 - 14. Let z = w - o. What is the greatest common divisor of z and 88?
8
Suppose 35*b - 634 = -4. Let y(z) be the second derivative of -z**3/2 - 9*z**2/2 - 2*z. Let m be y(-6). Calculate the highest common factor of b and m.
9
Let w(k) = 4*k**2 - 10. Let p be w(4). Let t = -128 + 134. What is the greatest common divisor of p and t?
6
Suppose -9*n + 80 = n. What is the greatest common divisor of 112 and n?
8
Let d = -4 + 10. Suppose -12*r + 264 + 120 = 168. Calculate the highest common factor of r and d.
6
Let j = 2 - -22. Suppose -3*f = 5*b - 612, 0 = -5*f + 15 + 5. What is the highest common divisor of j and b?
24
Let q be (-2)/9 + 25/(-9) - -13. Calculate the highest common factor of 5 and q.
5
Let v(i) = 5*i**2 - 2*i + 1. Let q be v(2). Let m be 44/(-374) - (-2008)/17. Let o = 186 - m. Calculate the greatest common divisor of q and o.
17
Let f(t) = 9*t - 35. Let k be f(5). Suppose -3*z = k - 19. What is the highest common divisor of z and 2?
1
Let s be -8*1*(-1)/1. Suppose 4*w = 2*w + 16. Suppose 4*m + w = 2*y - 76, y - 4*m = 52. Calculate the greatest common divisor of y and s.
8
Let x(v) = -v**3 - 14*v**2 + 36*v + 66. Let i be x(-18). What is the greatest common divisor of i and 306?
102
Let k = -268 - -332. Calculate the highest common divisor of 4 and k.
4
Let h be 2/(-5) + 12/((-720)/(-3324)). What is the greatest common divisor of 220 and h?
55
Suppose -5*r = -2*u + 82 + 128, -u + 105 = -4*r. Let n be (42/(-5))/((-30)/100). Let l = 63 - n. Calculate the highest common factor of u and l.
35
Suppose -2*p + 78 = 4*v - 86, 4*v - 162 = -3*p. What is the highest common divisor of v and 189?
21
Let i(p) = p**3 - 24*p**2 + 77*p + 66. Let j be i(20). What is the highest common divisor of j and 75?
3
Let y(i) = 16*i**2 + 2*i + 5. Let x = -11 - -7. Let c be y(x). Calculate the highest common factor of c and 23.
23
Suppose 4*r - 24 - 36 = 0. Let g(o) = -o**3 - 34*o**2 + 69*o + 57. Let k be g(-36). What is the highest common divisor of r and k?
15
Let n(k) = 3*k**2 + 2*k - 1. Let v be n(1). Suppose v*w - 8 = 40. Suppose 7*j - 603 + 15 = 0. What is the greatest common divisor of j and w?
12
Suppose -2*c + 288 = 5*t, 4*c - 176 = -5*t + 120. What is the greatest common divisor of t and 448?
56
Suppose -5*p = -3*l - 1625, -6*l + 650 = 2*p - 2*l. What is the highest common factor of 50 and p?
25
Suppose 55*l - 732 = -17. Calculate the greatest common factor of l and 7.
1
Let h = -1294 - -1468. Calculate the highest common divisor of 203 and h.
29
Suppose 5 = -3*d - 3*l + 77, -d = 3*l - 28. Let g be (d/6)/(4/12). Calculate the greatest common divisor of 1 and g.
1
Let c = -5 - 34. Let r = -22 - c. What is the greatest common factor of r and 187?
17
Let h(c) = 3*c**2 - c - 1. Let f be h(2). Let s = f + 12. Suppose -3*a + b = -s - 467, 5*b = -10. What is the highest common factor of a and 18?
18
Let s(v) = v**2 - 7*v + 7. Let d be s(6). Suppose -x - d = -5. Suppose -x*a + 2 = -22. What is the highest common factor of a and 2?
2
Let l(z) = -80*z - 760. Let c be l(-11). Calculate the greatest common factor of 90 and c.
30
Let m(o) = -2*o**2 + 50*o - 88. Let k be m(23). Let f = 9 - -1. What is the greatest common divisor of f and k?
2
Let v be -48 - -433 - 7/1. What is the highest common factor of 42 and v?
42
Let g(i) = i**2 + 15*i + 81. Let m be g(-12). Calculate the highest common factor of 765 and m.
45
Let g be (75/(-21) - -1)/((-105)/490). What is the greatest common divisor of g a